et p(h) = -h**3 + 2*h**2 - 5*h + 2. Determine p(2).
-8
Let z(l) = 2*l**2 + 22*l + 36. Calculate z(-11).
36
Let o(u) = -28*u**3 - u**2 - 12*u + 13. Determine o(1).
-28
Let d(z) = -5*z - 91. Calculate d(-26).
39
Let n(h) = -h**3 + 21*h**2 - 17*h + 42. What is n(20)?
102
Let f(r) = 6*r + 176. Determine f(-28).
8
Let h(a) = -5*a**2 + 4*a - 2. What is h(1)?
-3
Let q(y) = -2*y**2 + 41*y - 7. Give q(22).
-73
Let g(x) = x**3 + 37*x**2 - 38*x + 35. Determine g(-38).
35
Let i(f) = f**2 - 2*f - 5. Determine i(5).
10
Let l(o) = -o**3 + 16*o**2 - 54*o - 6. Give l(11).
5
Let r(y) = -y**2 - y. Calculate r(-5).
-20
Let x(q) = -22*q - 21. Give x(-4).
67
Let l(a) = -a**2 + 29*a - 59. Give l(27).
-5
Let w(s) = -2*s - 2. Give w(-3).
4
Let x(s) = 8*s**2 - 12. Determine x(2).
20
Let o(z) = z + 2. Determine o(-13).
-11
Let c(m) = -2*m + 67. What is c(20)?
27
Let m(j) = -3*j**2 + 45*j - 42. Calculate m(14).
0
Let c(u) = -u + 9. What is c(7)?
2
Let b(i) = i**3 - 9*i**2 - 25*i + 19. Give b(11).
-14
Let l(w) = -5*w - 21. Give l(-4).
-1
Let x(j) = 17*j**2 + 1. Calculate x(-1).
18
Let f(q) = 2*q**2 + 3*q - 2. Determine f(2).
12
Let c(q) = 3*q**2 - 2*q - 11. What is c(-4)?
45
Let f(d) = -29*d - 9. Give f(-1).
20
Let m(q) = 2*q - 1. Give m(-8).
-17
Let s(w) = -12*w + 166. Calculate s(15).
-14
Let r(l) = 2*l + 3. Determine r(9).
21
Let i(b) = -95*b**3 + 4*b**2 + 4*b + 1. Determine i(-1).
96
Let d(f) = -19*f. What is d(2)?
-38
Let t(v) = 3*v**3 + 2*v**2 - 8*v - 7. Determine t(-3).
-46
Let v(c) = -c**3 - 4*c**2 - c + 4. What is v(-4)?
8
Let l(t) = -6*t**3 - 150*t**2 + 2*t + 49. Calculate l(-25).
-1
Let r(o) = o**2 + 8*o + 1. Calculate r(-9).
10
Let p(m) = 3*m**3 + 2*m**2 - m. Give p(1).
4
Let o(d) = 2*d + 22. Give o(-17).
-12
Let q(s) = -9*s - 9. What is q(-4)?
27
Let b(t) = t**2 - 7*t + 10. Determine b(6).
4
Let k(j) = 3*j - 11. Determine k(2).
-5
Let y(s) = -3*s + 4. Determine y(8).
-20
Let s(w) = w**3 - 6*w**2 - 3*w + 13. What is s(6)?
-5
Let j(b) = -b**2 + 2*b + 97. Give j(11).
-2
Let x(v) = -v**3 - 3*v**2 - 4*v - 2. Give x(-1).
0
Let b(j) = -j**3 - 10*j**2 - 10*j - 1. Determine b(-10).
99
Let x(n) = n**2 + 2*n + 1. Determine x(-4).
9
Let u(d) = -2*d**3 + 59*d**2 - 28*d - 31. Give u(29).
-2
Let s(i) = -i**3 - 24*i**2 + 25*i - 9. Determine s(-25).
-9
Let m(i) = i**2 + 16*i + 63. Determine m(-8).
-1
Let d(o) = -o**3 + 9*o**2 - 7*o + 8. Give d(8).
16
Let o(y) = -6*y**2 - y + 2. What is o(-3)?
-49
Let m(v) = v**3 + 8*v**2 + 7*v. What is m(-7)?
0
Let m(p) = 2*p - 18. Give m(0).
-18
Let k(p) = -p**3 + 5*p**2 + 3*p - 3. Give k(5).
12
Let c(j) = j**3 - 16*j**2 + 15*j - 20. What is c(15)?
-20
Let x(r) = r**3 - 38*r**2 - 3*r + 115. Calculate x(38).
1
Let s(c) = -6*c + 1. Calculate s(-2).
13
Let o(f) = -30*f - 116. Calculate o(-3).
-26
Let o(t) = 73*t**2 - 10*t + 9. What is o(1)?
72
Let f(m) = -m**2 - 6*m - 4. Determine f(-3).
5
Let r(n) = n**3 + 18*n**2 + 16*n - 19. What is r(-17)?
-2
Let d(n) = -n**2 - 39*n - 66. What is d(-37)?
8
Let b(n) = -19*n. Give b(1).
-19
Let x(m) = 5*m + 22. What is x(-3)?
7
Let h(j) = j**2 - 11*j + 13. Determine h(9).
-5
Let a(z) = -18*z + 87. Give a(5).
-3
Let j(q) = q**3 + 21*q**2 - 23*q - 8. Calculate j(-22).
14
Let l(g) = g**2 - 17*g + 72. What is l(12)?
12
Let t(p) = -p**3 + 7*p**2 - 8*p + 19. Give t(6).
7
Let a(g) = g**3 + 9*g**2 - 12*g + 7. Determine a(-10).
27
Let f(x) = -2*x**2 - 5*x + 2. Calculate f(-4).
-10
Let s(k) = -k**3 - 14*k**2 - 14*k - 3. Calculate s(-13).
10
Let g(i) = i**3 + 13*i**2 + 9*i - 9. What is g(-12)?
27
Let w(n) = n - 19. Give w(6).
-13
Let a(f) = 3*f - 35. What is a(0)?
-35
Let z(t) = -t**3 - t**2 + 6*t + 13. What is z(-2)?
5
Let d(j) = -j**2 + 15*j + 2. What is d(17)?
-32
Let g(x) = -5*x**2 - 34*x - 47. Calculate g(-5).
-2
Let h(p) = 19*p**2 + 2*p + 1. Determine h(-1).
18
Let c(d) = d**2 + 5*d + 2. Give c(-5).
2
Let s(p) = -p**2 + 2*p + 18. Calculate s(8).
-30
Let j(b) = -b**3 + 17*b**2 + 16*b + 43. Calculate j(18).
7
Let r(i) = i**2 + 13*i + 5. Calculate r(-11).
-17
Let u(p) = -p**2 + 13*p + 33. Determine u(17).
-35
Let t(s) = -s**2 - s - 1. What is t(6)?
-43
Let k(g) = 4*g**2 + 11*g + 1. Determine k(-2).
-5
Let w(d) = d**3 + 10*d**2 - 11*d + 11. Determine w(-11).
11
Let i(x) = 2*x**3 + 19*x**2 + 9*x + 20. Give i(-9).
20
Let p(u) = -u**3 + 5*u**2 - 2*u - 5. Determine p(3).
7
Let u(b) = b**3 + 10*b**2 + 2*b - 26. Give u(-6).
106
Let r(p) = p**3 - 12*p**2 - 14*p + 11. What is r(13)?
-2
Let h(n) = n**2 + n - 12. Calculate h(0).
-12
Let x(j) = j**2 + 13*j + 18. Determine x(-12).
6
Let w(z) = z + 20. Determine w(-23).
-3
Let i(l) = -28*l**3 - 2*l + 1. Calculate i(1).
-29
Let h(t) = -3*t - 4. Give h(1).
-7
Let h(b) = -8*b**2 - 3*b - 1. Give h(-4).
-117
Let t(b) = -b**3 + 7*b**2 - 5*b - 6. Give t(6).
0
Let d(c) = c**3 - 10*c**2 - 10*c - 35. What is d(11)?
-24
Let a(q) = 7*q**2 - 163*q + 49. Give a(23).
3
Let o(r) = r**3 - 4*r**2 - 6*r + 2. What is o(5)?
-3
Let i(o) = -26*o - 1. Determine i(1).
-27
Let u(r) = -4*r - 17. Give u(-8).
15
Let k(q) = q**2 + 7*q - 6. Determine k(-7).
-6
Let u(j) = 2*j**2 + 4*j + 2. Calculate u(-2).
2
Let n(a) = 4*a + 9. Give n(-5).
-11
Let b(m) = -m**2 + 9*m + 17. Calculate b(10).
7
Let g(a) = 2*a**2 + 2*a - 1. Calculate g(-3).
11
Let y(a) = a**2 - 7*a - 14. Calculate y(8).
-6
Let h(q) = -2*q - 3. Calculate h(-9).
15
Let d(a) = 3*a**2 + 13*a + 12. What is d(-4)?
8
Let q(m) = 2*m**2 + 15*m - 11. Give q(-8).
-3
Let o(n) = -n - 13. What is o(-7)?
-6
Let p(w) = 5*w - 3. Give p(5).
22
Let n(a) = -a**3 + 10*a**2 + 9*a + 15. What is n(11)?
-7
Let c(r) = 3*r - 20. Give c(8).
4
Let s(q) = q**2 + 4*q - 32. What is s(4)?
0
Let r(k) = -6*k**2 - 270*k - 9. What is r(-45)?
-9
Let h(t) = -t**2 + 5*t + 46. Give h(-4).
10
Let z(j) = 4*j - 33. What is z(7)?
-5
Let p(t) = t**3 - 3*t**2 - 3*t - 5. What is p(4)?
-1
Let g(m) = 2*m - 1. Give g(20).
39
Let y(v) = 8*v**2 + 1. Calculate y(2).
33
Let h(k) = -3*k**2 - 19*k - 37. Determine h(-4).
-9
Let l(i) = -i**2 + 11*i - 24. Give l(12).
-36
Let t(o) = o**3 + 16*o**2 + 29*o + 25. What is t(-14)?
11
Let x(w) = 9*w**2 + 2*w + 1. What is x(-1)?
8
Let i(g) = -g - 13. Calculate i(-12).
-1
Let n(y) = -18*y**3 + y**2 + 4*y - 5. What is n(1)?
-18
Let i(o) = o**3 - 18*o**2 - o + 22. Determine i(18).
4
Let g(d) = -3*d**2 - 26*d + 66. What is g(3)?
-39
Let d(z) = 2*z - 12. What is d(4)?
-4
Let p(b) = -b**2 + 7*b + 54. What is p(10)?
24
Let g(t) = 5*t - 3. Calculate g(6).
27
Let m(g) = 2*g**3 + g + 7. Give m(4).
139
Let a(u) = 11*u**3 - 2*u**2 + 5*u - 2. Calculate a(1).
12
Let w(a) = -a**3 + 3*a**2 - 2*a + 3. What is w(4)?
-21
Let d(j) = -3*j + 4. Calculate d(-3).
13
Let v(z) = z**3 + 7*z**2 - 4*z + 17. What is v(-6)?
77
Let m(j) = j**3 + 6*j**2 - 19*j + 7. What is m(-8)?
31
Let k(x) = 31*x**2 + 3*x + 5. Give k(-1).
33
Let a(b) = b + 6. What is a(3)?
9
Let f(v) = v**2 + 25*v - 228. What is f(-32)?
-4
Let g(v) = v + 14. Determine g(-9).
5
Let s(q) = -18*q + 185. Calculate s(10).
5
Let h(u) = u**3 - 27*u**2 + u - 62. What is h(27)?
-35
Let x(f) = -13*f**3 + 1. Give x(1).
-12
Let t(l) = -l**3 + l**2 + 42*l + 1. Give t(-6).
1
Let q(x) = -12*x**2 - 3*x - 3. Give q(-1).
-12
Let p(h) = -h**2 - h - 8. Give p(-5).
-28
Let n(f) = -f**2 + 21*f + 57. Calculate n(-3).
-15
Let n(m) = -m**3 - 3*m**2 + 11*m + 6. What is n(-4)?
-22
Let k(a) = 12*a**3 - a**2 - 2*a - 1. Determine k(-1).
-12
Let l(s) = s**2 + 38*s + 160. Calculate l(-34).
24
Let s(a) = a**2 + 12*a + 14. What is s(-4)?
-18
Let y(q) = -q**2 + 13*q - 6. What is y(2)?
16
Let r(n) = 2*n**2 + n + 1. What is r(4)?
37
Let o(g) = 3*g + 10. Determine o(-8).
-14
Let d(o) = -13*o - 33. Give d(-10).
97
Let j(v) = 4*v - 21. Determine j(11).
23
Let g(c) = c**2 + 8*c - 23. Calculate g(-10).
-3
Let t(p) = 6*p - 1. Calculate t(10).
59
Let h(m) = m**3 + 4*m**2 - 10*m - 8. What is h(-6)?
-20
Let t(p) = -p**3 - 2*p**2 + 8*p - 2. Determine t(-4).
-2
Let o(l) = -2*l + 13. Calculate o(8).
-3
Let u(r) = -r**3 + r**2 + r - 87. Determine u(0).
-87
Let z(j) = j**2 - 4*j + 38. What is z(11)?
115
Let s(r) = -39*r**3 - r**2. Give s(-1).
38
Let n(i) = -2*i - 8. Determine n(-3).
-2
Let m(h) = -h**3 - h**2 + h - 56. Determine m(0).
-56
Let w(u) = 2*u**3 + 13*u**2 + 15*u + 2. Give w(-5).
2
Let f(q) = -2*q**3 + 86*q**2 + 97*q - 401. Determine f(44).
-5
Let a(z) = z + 22. Det